 1350 divide 814276259?
False
Is 1016 a factor of 190524876?
False
Does 146 divide 8339374?
True
Is 156 a factor of 9236136?
True
Is 23688198 a multiple of 60?
False
Is 154496568 a multiple of 2352?
False
Is 28 a factor of 84471296?
True
Is 74970381 a multiple of 303?
True
Is 190 a factor of 79002760?
True
Is 39 a factor of 28879808?
False
Is 43 a factor of 3408531396?
True
Does 103 divide 113733321?
True
Is 230 a factor of 50939940?
True
Is 8720 a factor of 413834042?
False
Is 2380 a factor of 5255319?
False
Does 9 divide 81217989?
True
Is 3549 a factor of 108240951?
True
Is 150477240 a multiple of 120?
True
Is 72230913 a multiple of 26?
False
Does 110 divide 27463651?
False
Is 29 a factor of 1060458876?
False
Is 34311788 a multiple of 20?
False
Does 796 divide 515017390?
False
Is 10 a factor of 6105830?
True
Does 80 divide 3005689520?
True
Does 1014 divide 92305414?
False
Does 83 divide 6565261820?
True
Is 129515552 a multiple of 1048?
False
Does 253 divide 5638358?
True
Does 629 divide 1251721951?
True
Does 217 divide 68154926?
True
Does 132 divide 464979193?
False
Is 262989123 a multiple of 100?
False
Does 164 divide 70851291?
False
Is 827 a factor of 1432325958?
True
Is 99484650 a multiple of 50?
True
Does 3848 divide 117452504?
True
Does 311 divide 146553106?
False
Is 202614808 a multiple of 5?
False
Is 63269166 a multiple of 8?
False
Is 5 a factor of 13082988?
False
Is 673612108 a multiple of 26?
True
Is 754 a factor of 91479050?
True
Is 2154573060 a multiple of 9390?
True
Is 357 a factor of 752532378?
False
Does 81 divide 92364118?
False
Is 22238345 a multiple of 197?
True
Is 29 a factor of 909282381?
False
Is 566557648 a multiple of 16?
True
Is 49 a factor of 3431815?
False
Is 123 a factor of 135551166?
True
Is 9 a factor of 2478936?
False
Does 9 divide 1319955291?
True
Is 1197 a factor of 26763401?
False
Is 259 a factor of 371542702?
False
Is 800863712 a multiple of 709?
True
Is 115 a factor of 5048615?
True
Is 1310 a factor of 74174820?
True
Is 461 a factor of 4381805?
True
Is 366 a factor of 401844576?
True
Is 35314605 a multiple of 261?
True
Is 5 a factor of 40109967?
False
Is 113 a factor of 39151449?
True
Does 3 divide 58228203?
True
Is 4458 a factor of 1894913022?
True
Does 152 divide 204911352?
True
Does 1085 divide 69858810?
True
Is 88650812 a multiple of 1271?
False
Does 330 divide 2805990?
True
Is 292 a factor of 27549455?
False
Is 2887 a factor of 593134150?
True
Is 582 a factor of 52763864?
False
Is 224817976 a multiple of 3214?
False
Is 101 a factor of 8994272?
False
Is 67818064 a multiple of 2534?
False
Is 524516481 a multiple of 1273?
False
Is 1110 a factor of 94119120?
True
Is 104662728 a multiple of 146?
True
Does 84 divide 41137152?
True
Does 16 divide 7379974846?
False
Is 8058757 a multiple of 842?
False
Is 803319167 a multiple of 1293?
False
Is 2092244 a multiple of 11?
True
Does 10 divide 392668250?
True
Is 23 a factor of 2419403?
False
Does 265 divide 356286670?
True
Does 166 divide 378410273?
False
Is 58 a factor of 12299492?
False
Is 7225 a factor of 1041512193?
False
Does 399 divide 63058359?
True
Is 8 a factor of 44994784?
True
Does 32 divide 12322688?
True
Does 1166 divide 163119122?
False
Is 20746131 a multiple of 19?
False
Does 9 divide 523215?
True
Is 449 a factor of 45930379?
False
Is 186021790 a multiple of 10?
True
Is 82564469 a multiple of 281?
False
Is 8 a factor of 3637776?
True
Does 47 divide 3860317787?
True
Does 1844 divide 589016012?
True
Does 98 divide 117380525?
False
Does 144 divide 1625201680?
False
Is 12 a factor of 3575619741?
False
Is 48468645 a multiple of 4?
False
Is 135661196 a multiple of 22?
True
Is 202975584 a multiple of 49?
False
Is 40 a factor of 29702200?
True
Does 49 divide 216723815?
True
Is 766 a factor of 2375511540?
True
Does 26 divide 91440284?
True
Is 216 a factor of 1042331663?
False
Does 1226 divide 101695474?
True
Does 2211 divide 52115481?
True
Is 2841 a factor of 13199286?
True
Is 1017325716 a multiple of 517?
True
Is 71 a factor of 85636511?
False
Is 975340764 a multiple of 108?
True
Is 2502858728 a multiple of 45?
False
Is 358 a factor of 2689783954?
True
Does 308 divide 40007352?
True
Is 143366418 a multiple of 338?
True
Is 96 a factor of 287731457?
False
Does 8 divide 27653047?
False
Is 1238709785 a multiple of 2176?
False
Does 30 divide 90947780?
False
Does 103 divide 25165580?
False
Does 94 divide 16702447?
False
Does 14 divide 1716968596?
True
Is 237812503 a multiple of 84?
False
Does 122 divide 90429816?
True
Does 689 divide 29675919?
True
Does 7 divide 20834386?
False
Does 52 divide 1150442332?
True
Does 15 divide 138808527?
False
Is 14 a factor of 49880390?
True
Is 11792997 a multiple of 69?
True
Does 13601 divide 533500666?
False
Does 3167 divide 70700108?
True
Does 932 divide 562584092?
True
Is 2144608162 a multiple of 924?
False
Does 90 divide 286138800?
True
Does 5 divide 7259593?
False
Is 1082 a factor of 207091554?
True
Is 549 a factor of 6933321?
True
Does 110 divide 3613254480?
True
Is 18546888 a multiple of 778?
False
Is 45901359 a multiple of 482?
False
Is 626821558 a multiple of 11?
True
Does 8 divide 13544244?
False
Is 85 a factor of 160564575?
True
Is 109509639 a multiple of 5101?
False
Does 11 divide 63309972?
True
Is 15 a factor of 154258612?
False
Is 426506461 a multiple of 44?
False
Does 81 divide 1585679421?
False
Does 177 divide 22471212?
True
Is 81857885 a multiple of 107?
False
Is 15573462 a multiple of 4?
False
Is 83 a factor of 213812316?
True
Does 74 divide 2976391888?
True
Does 5 divide 638830453?
False
Is 251791407 a multiple of 553?
True
Does 17 divide 37494823?
False
Does 138 divide 4439278967?
False
Is 102 a factor of 10369932?
True
Is 8 a factor of 944815080?
True
Is 22 a factor of 61176090?
False
Is 20782986 a multiple of 240?
False
Is 245857882 a multiple of 400?
False
Does 14 divide 44211860?
True
Is 87416596 a multiple of 17?
False
Is 288609016 a multiple of 31?
False
Is 3777 a factor of 70196846?
False
Is 1828561454 a multiple of 107?
False
Does 811 divide 205837114?
False
Is 856998089 a multiple of 1967?
False
Is 913 a factor of 2091988627?
False
Does 5 divide 7914285?
True
Is 1408 a factor of 247405688?
False
Is 108 a factor of 8264484?
True
Is 2908540960 a multiple of 130?
True
Is 1122092999 a multiple of 391?
False
Is 23 a factor of 163171554?
False
Is 28 a factor of 15365536?
False
Is 84286547 a multiple of 36?
False
Does 14 divide 175161866?
False
Is 4848025 a multiple of 293?
False
Is 547 a factor of 151129461?
False
Does 55 divide 669094580?
True
Is 118 a factor of 788706283?
False
Is 38 a factor of 14652022?
False
Is 17424589 a multiple of 472?
False
Is 8 a factor of 59782974?
False
Does 41 divide 45743609?
False
Is 61954830 a multiple of 15?
True
Is 7963 a factor of 1610308595?
False
Is 42 a factor of 10121454?
True
Is 261 a factor of 219582789?
False
Is 3231411 a multiple of 3?
True
Is 529 a factor of 67922542?
True
Is 930194 even?
True
Does 26 divide 540132554?
True
Is 8 a factor of 45369430?
False
Is 13 a factor of 800190794?
True
Does 7 divide 41251322?
True
Is 121939431 a multiple of 271?
True
Is 2625933 a multiple of 19?
True
Is 219 a factor of 34755498?
False
Is 113680938 a multiple of 7?
True
Does 12 divide 419766026?
False
Is 1819 a factor of 52023276?
False
Does 1257 divide 291813200?
False
Does 77 divide 70112966?
True
Is 229 a factor of 108180055?
False
Does 70 divide 14202597?
False
Is 2182 a factor of 1968650708?
False
Is 754 a factor of 363087140?
False
Is 266587908 a multiple of 804?
True
Is 81377243 a multiple of 2828?
False
Does 14 divide 125786680?
False
Is 449 a factor of 778640534?
True
Is 243347600 a multiple of 35?
False
Does 206 divide 251639681?
False
Does 37 divide 42289705?
True
Is 15388 a factor of 237688548?
False
Does 9797 divide 96657202?
True
Does 26 divide 1103653226?
True
Is 1861 a factor of 36861058?
False
Does 30 divide 17981130?
True
Is 34290489 a multiple of 21?
False
Is 82577573 a multiple of 152?
False
Is 67 a factor of 197288803?
True
Is 253087362 a multiple of 594?
True
Does 12 divide 15824366?
False
Does 793 divide 172980262?
True
Is 314891676 a multiple of 4972?
True
Does 198 divide 29041254?
True
Is 4694 a factor of 158648187?
False
Is 829658939 a multiple of 15?